{"id":381,"date":"2025-12-14T18:06:41","date_gmt":"2025-12-14T17:06:41","guid":{"rendered":"https:\/\/webjour.iutlan.univ-rennes1.fr\/nvaillant\/?page_id=381"},"modified":"2025-12-18T10:12:26","modified_gmt":"2025-12-18T09:12:26","slug":"veille-informationnelle-du-jeudi-18-12","status":"publish","type":"page","link":"https:\/\/webjour.iutlan.univ-rennes1.fr\/nvaillant\/veille-informationnelle-du-jeudi-18-12\/","title":{"rendered":"Veille informationnelle du jeudi 18\/12"},"content":{"rendered":"\n<div class=\"wp-block-group is-vertical is-layout-flex wp-container-core-group-is-layout-fe9cc265 wp-block-group-is-layout-flex\">\n<p id=\"block-b15c7044-1b57-4d72-94be-eb792fa3d8d8\">Le site d&rsquo;information \u00ab\u00a0Var Actu \u00a0\u00bb soup\u00e7onn\u00e9 d&rsquo;utiliser l&rsquo;intelligence artificielle<\/p>\n\n\n\n<h3 class=\"wp-block-heading\">Cette actualit\u00e9 me para\u00eet int\u00e9ressante puisqu&rsquo;elle questionne une importante pr\u00e9occupation du moment : l&rsquo;intelligence artificielle. <\/h3>\n\n\n\n<p>La critique<\/p>\n\n\n\n<p>En effet, le site d&rsquo;information est au coeur d&rsquo;une pol\u00e9mique. il est soup\u00e7onn\u00e9 par les m\u00e9dias concurrents d&rsquo;utiliser l&rsquo;IA alors que le site vient d&rsquo;\u00eatre agr\u00e9\u00e9 service de presse en ligne. Le Statut officiel de service de Presse en Ligne (SPEL) est d\u00e9livr\u00e9 par l&rsquo;Etat alors que d&rsquo;un autre c\u00f4t\u00e9 il est<a href=\"https:\/\/www.liberation.fr\/checknews\/le-site-dinfo-var-actu-recemment-agree-par-letat-est-il-genere-par-intelligence-artificielle-20251204_53SJNXCK6JEGNBJF7VOGGFF7LA\/\">&nbsp;soup\u00e7onn\u00e9 d&rsquo;y recourir massivement  pour produire ses articles. <\/a><\/p>\n\n\n\n<p>Cette situation soul\u00e8ve de nombreuses interrogations sur les crit\u00e8res d\u2019attribution de ce statut et sur l\u2019avenir du journalisme notamment li\u00e9 \u00e0 l&rsquo;IA.<\/p>\n\n\n\n<p><a href=\"https:\/\/www.franceinfo.fr\/economie\/medias\/le-site-d-information-var-actu-soupconne-d-avoir-massivement-recours-a-l-intelligence-artificielle-obtient-le-statut-de-service-de-presse-en-ligne_7653983.html\">Un autre statut qui agr\u00e8ge le site d&rsquo;information est celui de la Commission Paritaire des Publications et Agences de Presse (CPPAP) <\/a>qui permet notamment de b\u00e9n\u00e9ficier d\u2019avantages fiscaux et d\u2019une reconnaissance institutionnelle.<br>Cet agr\u00e9ment est r\u00e9serv\u00e9 \u00e0 des m\u00e9dias produisant une information&nbsp;d\u2019int\u00e9r\u00eat g\u00e9n\u00e9ral, reposant sur un&nbsp;travail journalistique de qualit\u00e9, ce qui pose question. <\/p>\n\n\n\n<p>Les cons\u00e9quences d&rsquo;une possible utilisation de l&rsquo;IA<\/p>\n\n\n\n<p>C&rsquo;est \u00e9galement int\u00e9ressant puisque plusieurs m\u00e9dias supposent cette utilisation de l&rsquo;IA par plusieurs points comme un volume de publication \u00e9lev\u00e9, des contenus standardis\u00e9s ou encore une absence de signature claire de journaliste. Cela questionne le fait que \u00ab\u00a0Var Actu\u00a0\u00bb produit ou non une information de qualit\u00e9 attendue et donc, une possible m\u00e9fiance des lecteurs. <\/p>\n\n\n\n<p>Il est \u00e9galement int\u00e9ressant de voir la forme de concurrence entre les m\u00e9dias alors qu\u00a0\u00bbon le sait  la presse ne va pas bien, les m\u00e9dias sont pr\u00eats \u00e0 d\u00e9noncer les autres afin de les cr\u00e9dibiliser et \u00e9galement montrer sa propre cr\u00e9dibilit\u00e9 sur le probl\u00e8me, en l&rsquo;occurence l&rsquo;IA ici.<\/p>\n\n\n\n<p>La r\u00e9ponse de la CPPAP<\/p>\n\n\n\n<p><a href=\"https:\/\/www.francebleu.fr\/infos\/societe\/le-site-d-information-var-actu-soupconne-d-avoir-recours-a-l-intelligence-artificielle-agree-service-de-presse-en-lign-5132290\">La CPPAP, rappelle de son c\u00f4t\u00e9 que l\u2019agr\u00e9ment repose sur un&nbsp;dossier d\u00e9claratif<\/a>&nbsp;et qu\u2019il est&nbsp;<a href=\"https:\/\/www.franceinfo.fr\/economie\/medias\/le-site-d-information-var-actu-soupconne-d-avoir-massivement-recours-a-l-intelligence-artificielle-obtient-le-statut-de-service-de-presse-en-ligne_7653983.html\">accord\u00e9 pour une dur\u00e9e limit\u00e9e, pouvant \u00eatre retir\u00e9 si les conditions ne sont plus respect\u00e9es.<\/a><\/p>\n\n\n\n<p>Le site \u00ab\u00a0Var Actu\u00a0\u00bb est donc dans la tourmente suite \u00e0 cette affaire et risque des sanctions comme le dit la CPPAP.<\/p>\n\n\n\n<p>Ce cas pourrait ainsi devenir un&nbsp;premier pas vers une possible r\u00e9gulation future de l\u2019IA dans les m\u00e9dias.<\/p>\n<\/div>\n\n\n\n<figure class=\"wp-block-image size-full\"><img fetchpriority=\"high\" decoding=\"async\" width=\"720\" height=\"405\" src=\"https:\/\/webjour.iutlan.univ-rennes1.fr\/nvaillant\/wp-content\/uploads\/2025\/12\/image.png\" alt=\"\" class=\"wp-image-382\" srcset=\"https:\/\/webjour.iutlan.univ-rennes1.fr\/nvaillant\/wp-content\/uploads\/2025\/12\/image.png 720w, https:\/\/webjour.iutlan.univ-rennes1.fr\/nvaillant\/wp-content\/uploads\/2025\/12\/image-300x169.png 300w\" sizes=\"(max-width: 720px) 100vw, 720px\" \/><\/figure>\n","protected":false},"excerpt":{"rendered":"<p>Le site d&rsquo;information \u00ab\u00a0Var Actu \u00a0\u00bb soup\u00e7onn\u00e9 d&rsquo;utiliser l&rsquo;intelligence artificielle Cette actualit\u00e9 me para\u00eet int\u00e9ressante puisqu&rsquo;elle questionne une importante pr\u00e9occupation du moment : l&rsquo;intelligence artificielle. La critique En effet, le site d&rsquo;information est au coeur d&rsquo;une pol\u00e9mique. il est soup\u00e7onn\u00e9 par les m\u00e9dias concurrents d&rsquo;utiliser l&rsquo;IA alors que le site vient d&rsquo;\u00eatre agr\u00e9\u00e9 service de [&hellip;]<\/p>\n","protected":false},"author":1,"featured_media":0,"parent":0,"menu_order":0,"comment_status":"closed","ping_status":"closed","template":"","meta":{"footnotes":""},"class_list":["post-381","page","type-page","status-publish","hentry"],"_links":{"self":[{"href":"https:\/\/webjour.iutlan.univ-rennes1.fr\/nvaillant\/wp-json\/wp\/v2\/pages\/381","targetHints":{"allow":["GET"]}}],"collection":[{"href":"https:\/\/webjour.iutlan.univ-rennes1.fr\/nvaillant\/wp-json\/wp\/v2\/pages"}],"about":[{"href":"https:\/\/webjour.iutlan.univ-rennes1.fr\/nvaillant\/wp-json\/wp\/v2\/types\/page"}],"author":[{"embeddable":true,"href":"https:\/\/webjour.iutlan.univ-rennes1.fr\/nvaillant\/wp-json\/wp\/v2\/users\/1"}],"replies":[{"embeddable":true,"href":"https:\/\/webjour.iutlan.univ-rennes1.fr\/nvaillant\/wp-json\/wp\/v2\/comments?post=381"}],"version-history":[{"count":2,"href":"https:\/\/webjour.iutlan.univ-rennes1.fr\/nvaillant\/wp-json\/wp\/v2\/pages\/381\/revisions"}],"predecessor-version":[{"id":385,"href":"https:\/\/webjour.iutlan.univ-rennes1.fr\/nvaillant\/wp-json\/wp\/v2\/pages\/381\/revisions\/385"}],"wp:attachment":[{"href":"https:\/\/webjour.iutlan.univ-rennes1.fr\/nvaillant\/wp-json\/wp\/v2\/media?parent=381"}],"curies":[{"name":"wp","href":"https:\/\/api.w.org\/{rel}","templated":true}]}}