{"id":55,"date":"2024-10-23T14:33:25","date_gmt":"2024-10-23T12:33:25","guid":{"rendered":"https:\/\/webjour.iutlan.univ-rennes1.fr\/afavrie\/?page_id=55"},"modified":"2024-10-23T14:33:25","modified_gmt":"2024-10-23T12:33:25","slug":"elementor-55","status":"publish","type":"page","link":"https:\/\/webjour.iutlan.univ-rennes1.fr\/ilecorre\/elementor-55\/","title":{"rendered":"Elementor #55"},"content":{"rendered":"\t\t<div data-elementor-type=\"wp-page\" data-elementor-id=\"55\" class=\"elementor elementor-55\">\n\t\t\t\t<div class=\"elementor-element elementor-element-a6d404c e-flex e-con-boxed e-con e-parent\" data-id=\"a6d404c\" data-element_type=\"container\" data-e-type=\"container\">\n\t\t\t\t\t<div class=\"e-con-inner\">\n\t\t\t\t<div class=\"elementor-element elementor-element-f8ba26f elementor-widget elementor-widget-heading\" data-id=\"f8ba26f\" data-element_type=\"widget\" data-e-type=\"widget\" data-widget_type=\"heading.default\">\n\t\t\t\t<div class=\"elementor-widget-container\">\n\t\t\t\t\t<h1 class=\"elementor-heading-title elementor-size-default\">Le H\u00e9ron<\/h1>\t\t\t\t<\/div>\n\t\t\t\t<\/div>\n\t\t\t\t\t<\/div>\n\t\t\t\t<\/div>\n\t\t<div class=\"elementor-element elementor-element-8ca59aa e-flex e-con-boxed e-con e-parent\" data-id=\"8ca59aa\" data-element_type=\"container\" data-e-type=\"container\">\n\t\t\t\t\t<div class=\"e-con-inner\">\n\t\t\t\t<div class=\"elementor-element elementor-element-751a91b elementor-widget elementor-widget-image\" data-id=\"751a91b\" data-element_type=\"widget\" data-e-type=\"widget\" data-widget_type=\"image.default\">\n\t\t\t\t<div class=\"elementor-widget-container\">\n\t\t\t\t\t\t\t\t\t\t\t\t\t\t\t<img decoding=\"async\" src=\"https:\/\/webjour.iutlan.univ-rennes1.fr\/afavrie\/wp-content\/uploads\/2024\/10\/heron-gravure.jpg\" title=\"\" alt=\"\" loading=\"lazy\" \/>\t\t\t\t\t\t\t\t\t\t\t\t\t\t\t<\/div>\n\t\t\t\t<\/div>\n\t\t\t\t<div class=\"elementor-element elementor-element-b128002 elementor-widget elementor-widget-text-editor\" data-id=\"b128002\" data-element_type=\"widget\" data-e-type=\"widget\" data-widget_type=\"text-editor.default\">\n\t\t\t\t<div class=\"elementor-widget-container\">\n\t\t\t\t\t\t\t\t\t<p>Un jour sur ses longs pieds allait je ne sais o\u00f9<br \/>Le H\u00e9ron au long bec emmanch\u00e9 d\u2019un long cou.<br \/>Il c\u00f4toyait une rivi\u00e8re.<br \/>L\u2019onde \u00e9tait transparente ainsi qu\u2019aux plus beaux jours ;<br \/>Ma comm\u00e8re la Carpe y faisait mille tours<br \/>Avec le Brochet son comp\u00e8re.<br \/>Le H\u00e9ron en e\u00fbt fait ais\u00e9ment son profit :<br \/>Tous approchaient du bord, l\u2019Oiseau n\u2019avait qu\u2019\u00e0 prendre ;<br \/>Mais il crut mieux faire d\u2019attendre<br \/>Qu\u2019il e\u00fbt un peu plus d\u2019app\u00e9tit.<\/p><p>Il vivait de r\u00e9gime, et mangeait \u00e0 ses heures.<br \/>Apr\u00e8s quelques moments l\u2019app\u00e9tit vint ; l\u2019Oiseau<br \/>S\u2019approchant du bord vit sur l\u2019eau<br \/>Des Tanches qui sortaient du fond de ces demeures.<br \/>Le mets ne lui plut pas ; il s\u2019attendait \u00e0 mieux,<br \/>Et montrait un go\u00fbt d\u00e9daigneux<br \/>Comme le Rat du bon Horace.<br \/>Moi des Tanches ? dit-il, moi H\u00e9ron que je fasse<br \/>Une si pauvre ch\u00e8re ? Et pour qui me prend-on ?<\/p><p>La Tanche rebut\u00e9e, il trouva du Goujon.<br \/>Du Goujon ! c\u2019est bien l\u00e0 le d\u00een\u00e9 d\u2019un H\u00e9ron !<br \/>J\u2019ouvrirais pour si peu le bec ! aux Dieux ne plaise !<br \/>Il l\u2019ouvrit pour bien moins : tout alla de fa\u00e7on<br \/>Qu\u2019il ne vit plus aucun Poisson.<br \/>La faim le prit ; il fut tout heureux et tout aise<br \/>De rencontrer un Lima\u00e7on.<\/p><p>Ne soyons pas si difficiles :<br \/>Les plus accommodants, ce sont les plus habiles :<br \/>On hasarde de perdre en voulant trop gagner.<br \/>Gardez-vous de rien d\u00e9daigner ; Surtout quand vous avez \u00e0 peu pr\u00e8s votre compte.<\/p>\t\t\t\t\t\t\t\t<\/div>\n\t\t\t\t<\/div>\n\t\t\t\t\t<\/div>\n\t\t\t\t<\/div>\n\t\t<div class=\"elementor-element elementor-element-308b973 e-flex e-con-boxed e-con e-parent\" data-id=\"308b973\" data-element_type=\"container\" data-e-type=\"container\">\n\t\t\t\t\t<div class=\"e-con-inner\">\n\t\t\t\t<div class=\"elementor-element elementor-element-23fd84d elementor-widget elementor-widget-heading\" data-id=\"23fd84d\" data-element_type=\"widget\" data-e-type=\"widget\" data-widget_type=\"heading.default\">\n\t\t\t\t<div class=\"elementor-widget-container\">\n\t\t\t\t\t<h2 class=\"elementor-heading-title elementor-size-default\">Biographie de Jean de la Fontaine :\n\n<\/h2>\t\t\t\t<\/div>\n\t\t\t\t<\/div>\n\t\t\t\t\t<\/div>\n\t\t\t\t<\/div>\n\t\t<div class=\"elementor-element elementor-element-96decb5 e-flex e-con-boxed e-con e-parent\" data-id=\"96decb5\" data-element_type=\"container\" data-e-type=\"container\">\n\t\t\t\t\t<div class=\"e-con-inner\">\n\t\t\t\t<div class=\"elementor-element elementor-element-480d50a elementor-widget elementor-widget-image\" data-id=\"480d50a\" data-element_type=\"widget\" data-e-type=\"widget\" data-widget_type=\"image.default\">\n\t\t\t\t<div class=\"elementor-widget-container\">\n\t\t\t\t\t\t\t\t\t\t\t\t\t\t\t<img decoding=\"async\" src=\"https:\/\/webjour.iutlan.univ-rennes1.fr\/afavrie\/wp-content\/uploads\/2024\/10\/jean-de-la-fontaine.png\" title=\"\" alt=\"\" loading=\"lazy\" \/>\t\t\t\t\t\t\t\t\t\t\t\t\t\t\t<\/div>\n\t\t\t\t<\/div>\n\t\t\t\t\t<\/div>\n\t\t\t\t<\/div>\n\t\t<div class=\"elementor-element elementor-element-4d2fe51 e-flex e-con-boxed e-con e-parent\" data-id=\"4d2fe51\" data-element_type=\"container\" data-e-type=\"container\">\n\t\t\t\t\t<div class=\"e-con-inner\">\n\t\t\t\t<div class=\"elementor-element elementor-element-8316c74 elementor-widget elementor-widget-text-editor\" data-id=\"8316c74\" data-element_type=\"widget\" data-e-type=\"widget\" data-widget_type=\"text-editor.default\">\n\t\t\t\t<div class=\"elementor-widget-container\">\n\t\t\t\t\t\t\t\t\t<p>Jean de La Fontaine n\u00e9 le 8 juillet 1621 \u00e0 Ch\u00e2teau-Thierry dans l&rsquo;Aisne, et mort le 13 avril 1695 \u00e0 Paris est un po\u00e8te, fabuliste et romancier fran\u00e7ais qui travaille comme ma\u00eetre des eaux et des for\u00eats.Lors de ses tourn\u00e9es, il observe le comportement des animaux. Cela l&rsquo;inspire pour \u00e9crire des fables. La Fontaine utilise l&rsquo;anthropomorphisme (la personnification): il met en sc\u00e8ne des animaux avec des traits d&rsquo;humains pour critiquer les Hommes.<\/p>\t\t\t\t\t\t\t\t<\/div>\n\t\t\t\t<\/div>\n\t\t\t\t\t<\/div>\n\t\t\t\t<\/div>\n\t\t<div class=\"elementor-element elementor-element-b5cedf4 e-flex e-con-boxed e-con e-parent\" data-id=\"b5cedf4\" data-element_type=\"container\" data-e-type=\"container\">\n\t\t\t\t\t<div class=\"e-con-inner\">\n\t\t\t\t<div class=\"elementor-element elementor-element-3a59c16 elementor-align-center elementor-widget elementor-widget-button\" data-id=\"3a59c16\" data-element_type=\"widget\" data-e-type=\"widget\" data-widget_type=\"button.default\">\n\t\t\t\t<div class=\"elementor-widget-container\">\n\t\t\t\t\t\t\t\t\t<div class=\"elementor-button-wrapper\">\n\t\t\t\t\t<a class=\"elementor-button elementor-button-link elementor-size-sm\" href=\"https:\/\/www.chateauversailles.fr\/decouvrir\/histoire\/grands-personnages\/jean-fontaine\">\n\t\t\t\t\t\t<span class=\"elementor-button-content-wrapper\">\n\t\t\t\t\t\t\t\t\t<span class=\"elementor-button-text\">Lire une biographie compl\u00e8te ici<\/span>\n\t\t\t\t\t<\/span>\n\t\t\t\t\t<\/a>\n\t\t\t\t<\/div>\n\t\t\t\t\t\t\t\t<\/div>\n\t\t\t\t<\/div>\n\t\t\t\t\t<\/div>\n\t\t\t\t<\/div>\n\t\t\t\t<\/div>\n\t\t","protected":false},"excerpt":{"rendered":"<p>Le H\u00e9ron Un jour sur ses longs pieds allait je ne sais o\u00f9Le H\u00e9ron au long bec emmanch\u00e9 d\u2019un long cou.Il c\u00f4toyait une rivi\u00e8re.L\u2019onde \u00e9tait transparente ainsi qu\u2019aux plus beaux jours ;Ma comm\u00e8re la Carpe y faisait mille toursAvec le Brochet son comp\u00e8re.Le H\u00e9ron en e\u00fbt fait ais\u00e9ment son profit :Tous approchaient du bord, l\u2019Oiseau &hellip; <\/p>\n<p class=\"link-more\"><a href=\"https:\/\/webjour.iutlan.univ-rennes1.fr\/ilecorre\/elementor-55\/\" class=\"more-link\">Lire la suite de<span class=\"screen-reader-text\">\u00ab\u00a0Elementor #55\u00a0\u00bb<\/span><\/a><\/p>\n","protected":false},"author":1,"featured_media":0,"parent":0,"menu_order":0,"comment_status":"closed","ping_status":"closed","template":"","meta":{"inspiro_hide_title":false,"footnotes":""},"class_list":["post-55","page","type-page","status-publish","hentry"],"featured_media_urls":[],"_links":{"self":[{"href":"https:\/\/webjour.iutlan.univ-rennes1.fr\/ilecorre\/wp-json\/wp\/v2\/pages\/55","targetHints":{"allow":["GET"]}}],"collection":[{"href":"https:\/\/webjour.iutlan.univ-rennes1.fr\/ilecorre\/wp-json\/wp\/v2\/pages"}],"about":[{"href":"https:\/\/webjour.iutlan.univ-rennes1.fr\/ilecorre\/wp-json\/wp\/v2\/types\/page"}],"author":[{"embeddable":true,"href":"https:\/\/webjour.iutlan.univ-rennes1.fr\/ilecorre\/wp-json\/wp\/v2\/users\/1"}],"replies":[{"embeddable":true,"href":"https:\/\/webjour.iutlan.univ-rennes1.fr\/ilecorre\/wp-json\/wp\/v2\/comments?post=55"}],"version-history":[{"count":0,"href":"https:\/\/webjour.iutlan.univ-rennes1.fr\/ilecorre\/wp-json\/wp\/v2\/pages\/55\/revisions"}],"wp:attachment":[{"href":"https:\/\/webjour.iutlan.univ-rennes1.fr\/ilecorre\/wp-json\/wp\/v2\/media?parent=55"}],"curies":[{"name":"wp","href":"https:\/\/api.w.org\/{rel}","templated":true}]}}