{"id":57,"date":"2024-09-24T21:51:05","date_gmt":"2024-09-24T19:51:05","guid":{"rendered":"https:\/\/webjour.iutlan.univ-rennes1.fr\/eberthier\/?page_id=57"},"modified":"2024-09-24T21:51:33","modified_gmt":"2024-09-24T19:51:33","slug":"articles","status":"publish","type":"page","link":"https:\/\/webjour.iutlan.univ-rennes1.fr\/eberthier\/index.php\/articles\/","title":{"rendered":"Articles"},"content":{"rendered":"\n<p>Les derniers articles publi\u00e9s :<\/p>\n\n\n<ul style=\"padding-top:var(--wp--preset--spacing--40);padding-bottom:var(--wp--preset--spacing--40);padding-left:0;padding-right:0;margin-top:0;margin-bottom:0;margin-left:0;margin-right:0;\" class=\"wp-block-latest-posts__list has-dates has-author wp-block-latest-posts has-medium-font-size\"><li><div class=\"wp-block-latest-posts__featured-image alignleft\"><img fetchpriority=\"high\" decoding=\"async\" width=\"300\" height=\"202\" src=\"https:\/\/webjour.iutlan.univ-rennes1.fr\/eberthier\/wp-content\/uploads\/2025\/05\/image-2-300x202.png\" class=\"attachment-medium size-medium wp-post-image\" alt=\"\" style=\"\" srcset=\"https:\/\/webjour.iutlan.univ-rennes1.fr\/eberthier\/wp-content\/uploads\/2025\/05\/image-2-300x202.png 300w, https:\/\/webjour.iutlan.univ-rennes1.fr\/eberthier\/wp-content\/uploads\/2025\/05\/image-2.png 661w\" sizes=\"(max-width: 300px) 100vw, 300px\" \/><\/div><a class=\"wp-block-latest-posts__post-title\" href=\"https:\/\/webjour.iutlan.univ-rennes1.fr\/eberthier\/index.php\/2025\/05\/07\/article-web-longevite-des-ministres-de-la-5eme-republique-en-nombre-de-jours\/\">ARTICLE WEB : Long\u00e9vit\u00e9 des ministres de la 5\u00e8me R\u00e9publique en nombre de jours<\/a><div class=\"wp-block-latest-posts__post-author\">par eberthier<\/div><time datetime=\"2025-05-07T11:52:00+02:00\" class=\"wp-block-latest-posts__post-date\">7 mai 2025<\/time><\/li>\n<li><div class=\"wp-block-latest-posts__featured-image alignleft\"><img decoding=\"async\" width=\"300\" height=\"186\" src=\"https:\/\/webjour.iutlan.univ-rennes1.fr\/eberthier\/wp-content\/uploads\/2025\/05\/image-1-300x186.png\" class=\"attachment-medium size-medium wp-post-image\" alt=\"\" style=\"\" srcset=\"https:\/\/webjour.iutlan.univ-rennes1.fr\/eberthier\/wp-content\/uploads\/2025\/05\/image-1-300x186.png 300w, https:\/\/webjour.iutlan.univ-rennes1.fr\/eberthier\/wp-content\/uploads\/2025\/05\/image-1-1024x635.png 1024w, https:\/\/webjour.iutlan.univ-rennes1.fr\/eberthier\/wp-content\/uploads\/2025\/05\/image-1-768x477.png 768w, https:\/\/webjour.iutlan.univ-rennes1.fr\/eberthier\/wp-content\/uploads\/2025\/05\/image-1.png 1502w\" sizes=\"(max-width: 300px) 100vw, 300px\" \/><\/div><a class=\"wp-block-latest-posts__post-title\" href=\"https:\/\/webjour.iutlan.univ-rennes1.fr\/eberthier\/index.php\/2025\/05\/07\/article-web-part-des-eleves-du-prive-parmi-les-eleves-du-premier-degre-en-2023\/\">ARTICLE WEB : Part des \u00e9l\u00e8ves du priv\u00e9 parmi les \u00e9l\u00e8ves du premier degr\u00e9 (%) en 2023<\/a><div class=\"wp-block-latest-posts__post-author\">par eberthier<\/div><time datetime=\"2025-05-07T11:02:06+02:00\" class=\"wp-block-latest-posts__post-date\">7 mai 2025<\/time><\/li>\n<li><div class=\"wp-block-latest-posts__featured-image alignleft\"><img decoding=\"async\" width=\"300\" height=\"233\" src=\"https:\/\/webjour.iutlan.univ-rennes1.fr\/eberthier\/wp-content\/uploads\/2025\/05\/image-300x233.png\" class=\"attachment-medium size-medium wp-post-image\" alt=\"\" style=\"\" srcset=\"https:\/\/webjour.iutlan.univ-rennes1.fr\/eberthier\/wp-content\/uploads\/2025\/05\/image-300x233.png 300w, https:\/\/webjour.iutlan.univ-rennes1.fr\/eberthier\/wp-content\/uploads\/2025\/05\/image-768x597.png 768w, https:\/\/webjour.iutlan.univ-rennes1.fr\/eberthier\/wp-content\/uploads\/2025\/05\/image.png 800w\" sizes=\"(max-width: 300px) 100vw, 300px\" \/><\/div><a class=\"wp-block-latest-posts__post-title\" href=\"https:\/\/webjour.iutlan.univ-rennes1.fr\/eberthier\/index.php\/2025\/05\/06\/macron-et-von-der-leyen-charment-les-chercheurs-etrangers\/\">Macron et von der Leyen charment les chercheurs \u00e9trangers<\/a><div class=\"wp-block-latest-posts__post-author\">par eberthier<\/div><time datetime=\"2025-05-06T19:19:54+02:00\" class=\"wp-block-latest-posts__post-date\">6 mai 2025<\/time><\/li>\n<li><div class=\"wp-block-latest-posts__featured-image alignleft\"><img loading=\"lazy\" decoding=\"async\" width=\"300\" height=\"225\" src=\"https:\/\/webjour.iutlan.univ-rennes1.fr\/eberthier\/wp-content\/uploads\/2025\/01\/P35002342D6638499G-300x225.webp\" class=\"attachment-medium size-medium wp-post-image\" alt=\"\" style=\"\" srcset=\"https:\/\/webjour.iutlan.univ-rennes1.fr\/eberthier\/wp-content\/uploads\/2025\/01\/P35002342D6638499G-300x225.webp 300w, https:\/\/webjour.iutlan.univ-rennes1.fr\/eberthier\/wp-content\/uploads\/2025\/01\/P35002342D6638499G-768x576.webp 768w, https:\/\/webjour.iutlan.univ-rennes1.fr\/eberthier\/wp-content\/uploads\/2025\/01\/P35002342D6638499G.webp 1024w\" sizes=\"(max-width: 300px) 100vw, 300px\" \/><\/div><a class=\"wp-block-latest-posts__post-title\" href=\"https:\/\/webjour.iutlan.univ-rennes1.fr\/eberthier\/index.php\/2025\/01\/22\/la-journaliste-ariane-lavrilleux-echappe-aux-poursuites-du-juge-antiterroriste\/\">La journaliste Ariane Lavrilleux \u00e9chappe aux poursuites du juge antiterroriste<\/a><div class=\"wp-block-latest-posts__post-author\">par eberthier<\/div><time datetime=\"2025-01-22T00:48:04+01:00\" class=\"wp-block-latest-posts__post-date\">22 janvier 2025<\/time><\/li>\n<li><div class=\"wp-block-latest-posts__featured-image alignleft\"><img loading=\"lazy\" decoding=\"async\" width=\"244\" height=\"300\" src=\"https:\/\/webjour.iutlan.univ-rennes1.fr\/eberthier\/wp-content\/uploads\/2025\/01\/couv_papoin_42-scaled-1-244x300.jpg\" class=\"attachment-medium size-medium wp-post-image\" alt=\"\" style=\"\" srcset=\"https:\/\/webjour.iutlan.univ-rennes1.fr\/eberthier\/wp-content\/uploads\/2025\/01\/couv_papoin_42-scaled-1-244x300.jpg 244w, https:\/\/webjour.iutlan.univ-rennes1.fr\/eberthier\/wp-content\/uploads\/2025\/01\/couv_papoin_42-scaled-1-834x1024.jpg 834w, https:\/\/webjour.iutlan.univ-rennes1.fr\/eberthier\/wp-content\/uploads\/2025\/01\/couv_papoin_42-scaled-1-768x943.jpg 768w, https:\/\/webjour.iutlan.univ-rennes1.fr\/eberthier\/wp-content\/uploads\/2025\/01\/couv_papoin_42-scaled-1-1252x1536.jpg 1252w, https:\/\/webjour.iutlan.univ-rennes1.fr\/eberthier\/wp-content\/uploads\/2025\/01\/couv_papoin_42-scaled-1-1669x2048.jpg 1669w\" sizes=\"(max-width: 244px) 100vw, 244px\" \/><\/div><a class=\"wp-block-latest-posts__post-title\" href=\"https:\/\/webjour.iutlan.univ-rennes1.fr\/eberthier\/index.php\/2025\/01\/08\/apres-35-ans-dexistence-le-journal-papotin-arrive-en-kiosques\/\">Apr\u00e8s 35 ans d&rsquo;existence, le journal Papotin arrive en kiosques<\/a><div class=\"wp-block-latest-posts__post-author\">par eberthier<\/div><time datetime=\"2025-01-08T11:39:15+01:00\" class=\"wp-block-latest-posts__post-date\">8 janvier 2025<\/time><\/li>\n<\/ul>\n\n\n<div class=\"wp-block-query is-layout-flow wp-block-query-is-layout-flow\"><nav class=\"wp-block-query-pagination is-layout-flex wp-block-query-pagination-is-layout-flex\" aria-label=\"Pagination\">\n\n\n<div class=\"wp-block-query-pagination-numbers\"><span aria-current=\"page\" class=\"page-numbers current\">1<\/span>\n<a class=\"page-numbers\" href=\"?query-0-page=2\">2<\/a>\n<a class=\"page-numbers\" href=\"?query-0-page=3\">3<\/a>\n<span class=\"page-numbers dots\">\u2026<\/span>\n<a class=\"page-numbers\" href=\"?query-0-page=5\">5<\/a><\/div>\n\n<a href=\"\/eberthier\/index.php\/wp-json\/wp\/v2\/pages\/57?query-0-page=2\" class=\"wp-block-query-pagination-next\">Page suivante<\/a>\n<\/nav>\n\n<\/div>\n","protected":false},"excerpt":{"rendered":"<p>Les derniers articles publi\u00e9s :<\/p>\n","protected":false},"author":1,"featured_media":0,"parent":0,"menu_order":0,"comment_status":"closed","ping_status":"closed","template":"","meta":{"cybocfi_hide_featured_image":"","footnotes":""},"class_list":["post-57","page","type-page","status-publish","hentry"],"_links":{"self":[{"href":"https:\/\/webjour.iutlan.univ-rennes1.fr\/eberthier\/index.php\/wp-json\/wp\/v2\/pages\/57","targetHints":{"allow":["GET"]}}],"collection":[{"href":"https:\/\/webjour.iutlan.univ-rennes1.fr\/eberthier\/index.php\/wp-json\/wp\/v2\/pages"}],"about":[{"href":"https:\/\/webjour.iutlan.univ-rennes1.fr\/eberthier\/index.php\/wp-json\/wp\/v2\/types\/page"}],"author":[{"embeddable":true,"href":"https:\/\/webjour.iutlan.univ-rennes1.fr\/eberthier\/index.php\/wp-json\/wp\/v2\/users\/1"}],"replies":[{"embeddable":true,"href":"https:\/\/webjour.iutlan.univ-rennes1.fr\/eberthier\/index.php\/wp-json\/wp\/v2\/comments?post=57"}],"version-history":[{"count":2,"href":"https:\/\/webjour.iutlan.univ-rennes1.fr\/eberthier\/index.php\/wp-json\/wp\/v2\/pages\/57\/revisions"}],"predecessor-version":[{"id":59,"href":"https:\/\/webjour.iutlan.univ-rennes1.fr\/eberthier\/index.php\/wp-json\/wp\/v2\/pages\/57\/revisions\/59"}],"wp:attachment":[{"href":"https:\/\/webjour.iutlan.univ-rennes1.fr\/eberthier\/index.php\/wp-json\/wp\/v2\/media?parent=57"}],"curies":[{"name":"wp","href":"https:\/\/api.w.org\/{rel}","templated":true}]}}